3466 - 3221. Calculate the remainder when s is divided by 157.
88
Let o = -4 + 7. Suppose -o*q = q - 64. What is the remainder when 126 is divided by q?
14
Let t(c) = 34*c + 5. Let m be t(5). Let l be m/49 + (-3)/(-7). Suppose 130 = l*v + v. Calculate the remainder when v is divided by 7.
5
Let f(b) = 62*b**2 - 2*b - 2. Let h = -333 - -511. Calculate the remainder when f(-1) is divided by 18/63 - h/(-14).
10
Let s(d) = 7 + 1 - 7 + 54*d. Let j be s(1). Suppose 0 = -3*z + j + 20. Calculate the remainder when 47 is divided by z.
22
Suppose -d - 5*s + 448 = 0, 4*s - 1240 = -3*d + 126. Calculate the remainder when 1381 is divided by d.
7
Let w = -42 - -48. Suppose w*p + p = -252. Let b = p + 37. Calculate the remainder when 3 is divided by b.
0
Let n = -14193 + 28336. What is the remainder when n is divided by 16?
15
Let o = -5191 + 5576. Calculate the remainder when o is divided by 133.
119
Let f be (-2 + 4)*4/2. Suppose 3*h + 3*l - 60 = 0, -h + f*h + 2*l = 64. Suppose -7*o = -178 + h. Calculate the remainder when o is divided by 4.
2
What is the remainder when 597 is divided by -1 - 2 - (4 + -330)?
274
Suppose 0 = 246*i - 35*i - 32217 - 3231. What is the remainder when i is divided by 27?
6
Let w = -1139 + 1156. Calculate the remainder when (49 + -48)/(((-2)/(-132))/1) is divided by w.
15
Let v = 6752 + -6178. What is the remainder when v is divided by 12?
10
Suppose -2*o - 296 = -a, -8*o + 5*a - 740 = -3*o. What is the remainder when (-2)/(-3)*1 - o/12 is divided by 5?
3
Let i(d) = 28 - 293*d + 144*d - 117. Calculate the remainder when i(-3) is divided by 19.
16
Suppose 2*y + 2*l = 5076, -2*y + 5*l - 432 + 5473 = 0. What is the remainder when y is divided by 14?
13
Let v(j) = -951*j - 444. Calculate the remainder when v(-7) is divided by 12.
9
Let m be (-6)/((-6)/(-47)) - -3. Let f = -33 - m. What is the remainder when 54 is divided by f?
10
Let l(t) = t + 5. Let m be l(-3). Let a be 1 + (m/8 - 10/40). Let n(v) = 24*v**3 - v**2 + 2*v - 1. Calculate the remainder when n(a) is divided by 13.
11
Suppose 24 = c - 0*w - 2*w, -102 = -5*c + w. Suppose -c = -5*m - 10. Let j(z) = z**2 + z + 2. What is the remainder when j(m) is divided by 2?
0
Suppose -5*w + 575 = -2*a - 5634, 2*a - 2478 = -2*w. What is the remainder when w is divided by 19?
6
Suppose -4*f = 2*b + 22, -2*f - 7 = -23*b + 28*b. What is the remainder when 416/f*2/6*-9 is divided by 35?
33
Calculate the remainder when (-252)/(-49)*76916/201 is divided by 32.
16
Let z = 6723 - 6207. What is the remainder when z is divided by 54?
30
Suppose 47*a + 215 = 52*a. Let f = -38 - -53. Calculate the remainder when a is divided by f.
13
Suppose -12*j + 41296 + 19754 = 13*j. Calculate the remainder when j is divided by 5.
2
Suppose 241*i - 5 = 236*i, -2*w + 5*i + 93 = 0. Calculate the remainder when 471 is divided by w.
30
Let v(d) = 4 + 69*d - d**2 - 97*d - 52. What is the remainder when v(-21) is divided by 27?
18
Suppose -j = -0*t + t - 7, -16 = -4*t. Suppose -f + 4*b + 49 = 0, -2*f = -7*f + j*b + 160. Let r = 41 - f. Calculate the remainder when 32 is divided by r.
8
Let r(t) = 17*t**3 + t**2 - 3*t + 2. Let x be r(2). Suppose 3*m = -m + x. Let g(p) = -25*p**2 - 107*p + 254. Calculate the remainder when g(-5) is divided by m.
28
Let w(o) = -7*o - 252. Let h(g) = g**2 + 13*g - 19. Let z be h(-11). Calculate the remainder when 170 is divided by w(z).
30
Suppose 3*v = -u + 1077, 5*v - 4*u - 1584 = 228. Calculate the remainder when v is divided by 84.
24
Calculate the remainder when 4849/26*1 - (-2)/(-4) is divided by ((-34)/((-2)/(-2)))/(-2).
16
Suppose 740*y - 738*y + 3*q = 13, -2*q + 5 = y. Let d be 1 + (2*7)/(-2). What is the remainder when (-91)/(-3) - (-2)/d is divided by y?
8
Suppose -316*h = -311*h + 2*z - 4642, 5*h - 4637 = 3*z. What is the remainder when h is divided by 206?
104
Suppose 5*d + 94 = y, -4*y - 4*d + 482 - 58 = 0. What is the remainder when 360 is divided by y?
48
Suppose 247*k - 930 = 349 + 3661. Calculate the remainder when 563 is divided by k.
3
Let v(u) = -u**3 + 6*u**2 + 6*u + 1. Let g be v(7). Let c be 322/4*(-1)/((-3)/g). Let f = c - -287. Calculate the remainder when f is divided by 32.
30
Let o(k) = 10*k - 7. Suppose -p - 5*u = -141, -5*p + 308 = -4*u - 455. Let a = 160 - p. Calculate the remainder when o(5) is divided by a.
7
Let g = -4474 - -4481. Calculate the remainder when 278 is divided by g.
5
Let w(x) = -x**3 + 28*x**2 + 62*x + 35. Let o be w(30). Suppose 3*t + 3*n = 75, 5*n - o = -5*t + t. What is the remainder when 138 is divided by t?
18
Suppose 0 = -29*t - 2*z + 1257, z - 178 + 87 = -2*t. Let v = -25 - -60. Calculate the remainder when t is divided by v.
8
Suppose -23*z - 3669 = -11328. Suppose -9*u - 72 = -z. Calculate the remainder when u is divided by 3.
2
Let q = 5015 - 4948. Calculate the remainder when 1733 is divided by q.
58
Suppose 5*d + 120 = x, -2*x + 134 + 113 = -3*d. Suppose x*i - 127*i = -124. What is the remainder when i is divided by 22?
18
Suppose 205 = -5*i + 105. What is the remainder when 63 is divided by (-20)/(-16) - 455/i?
15
Suppose 158*w - 23107 = -1461. Calculate the remainder when w is divided by 3.
2
Suppose 9*p - 1486 = 4*p + 3*x, 0 = 4*p + 5*x - 1211. Let w = -309 + 352. What is the remainder when p is divided by w?
41
Let c(f) = f + 15. Suppose -5*d = 4*v + 242 - 664, v = -3*d + 263. What is the remainder when d is divided by c(13)?
6
Suppose 18 = 2*j - 6. Calculate the remainder when ((-815)/(-20) - 9) + -2*(-9)/(-24) is divided by j.
7
Let d = 8079 - 7794. What is the remainder when d is divided by 118?
49
Suppose -4*k - 16 = -2*u, -20 = -0*k + 4*k. Suppose 2*g - 3*p = -8, 3*p + 3 - 12 = 3*g. What is the remainder when 57 is divided by g/(u/26) + 2?
12
Let d(g) = g**3 - 46*g**2 + 55*g - 77. Calculate the remainder when d(45) is divided by 90.
13
Let z(r) = -2*r**2 - 10*r - 5. Let p(x) = -2*x**2 + 6*x + 6. Let c be p(4). Suppose 1 = -d, 18 + 0 = t - 5*d. What is the remainder when t is divided by z(c)?
6
Let c be 38*(14/12 - (-10)/(-15)). Suppose -7*l + 54 = c. Calculate the remainder when l is divided by 4.
1
Suppose -3597 = -2*r - 5*a, 411*r - a = 415*r - 7131. What is the remainder when r is divided by 21?
17
Suppose -27 = -2*x + 4*x + 5*b, -3*x + 2 = -b. Let m(t) = -22*t**3 + t**2 + 5*t + 4. What is the remainder when 57 is divided by m(x)?
13
Suppose -4*d = -3*i - 10*d + 345, -2*d - 10 = 0. Calculate the remainder when i is divided by 13.
8
Let z(o) be the second derivative of o**4/12 - o**3/6 - 63*o**2 - 160*o. What is the remainder when 78 is divided by z(-12)?
18
Let k be ((-4)/(-6))/(100/65250). Suppose 5*o - 6*t + 2*t - k = 0, 0 = -5*o + 2*t + 425. Calculate the remainder when o is divided by 28.
27
Let q = 92 - 69. Suppose 5*n = -3*n + 2*n + 1584. What is the remainder when n is divided by q?
11
Let c(a) = a**3 - a**2 + a + 39. Let x be c(-5). Let p = 163 + x. Let h = -21 + 40. Calculate the remainder when p is divided by h.
9
What is the remainder when 5299 is divided by -9 - 93*28/(-42)?
52
Let u be (4/(-6))/(18/81). What is the remainder when (-1)/(u/5 - (-1492)/2495) is divided by 84?
79
Let x(z) = z**2 - 49*z + 88. Calculate the remainder when x(50) is divided by 63.
12
Let h = 404 - 397. Suppose h*d - 372 + 288 = 0. Calculate the remainder when d is divided by 11.
1
Let h = -80 + 89. Calculate the remainder when 153*(-3 + h)/18 is divided by 13.
12
Let t(j) = -417*j + 84272. Let s = 39 - 19. What is the remainder when t(202) is divided by s?
18
Let p = 835 + -775. Let v(l) = -l**2 + 63*l - 139. Let y = 274 - 152. What is the remainder when y is divided by v(p)?
40
Suppose 5*f - 25 = -4*u, -2*u - 19 = -3*f + 2*f. Suppose 3*n - 5*z - 18 = 0, 2*n = -f*z + 6*z + 12. Calculate the remainder when 46 is divided by n.
4
Suppose g = -3*j + 6*j - 261, 2*g + 350 = 4*j. Let w(t) = t**3 - 9*t**2 + 19*t + 63. What is the remainder when w(11) is divided by j?
84
Let u = 28869 + -25513. Calculate the remainder when u is divided by 1116.
8
Let x(v) = -v**2 - 31*v + 94. Let w = -239 + 206. Calculate the remainder when ((-405)/(-6) - -2)*2 is divided by x(w).
27
Suppose 5*t = -5, 263*t + 242 = 4*b + 261*t. What is the remainder when 137 is divided by b?
17
Suppose 4*l = -5*v + 17822, 3*v = 8*l - 2*l + 10710. Suppose 24*m + 150